)/7 + 110.
3, 37
Let c(r) = -r**3 + 17*r**2 + 4*r + 10. Let h = 67 + -50. List the prime factors of c(h).
2, 3, 13
Let g(u) = 13 + 4 - 5 + u + u**2 + 2. Let l be g(-7). Let y = l + -32. List the prime factors of y.
2, 3
Suppose -3*g - 5 = -4*g. Suppose g*q = -4*p + 231 - 35, 4*p = 4*q - 128. List the prime factors of q.
2, 3
Let u = 29 - 39. Let j = 54 + u. List the prime factors of j.
2, 11
Let f be ((-1)/(-4) - (-3 + 4))*12. What are the prime factors of (-636)/f - -4 - 2/3?
2, 37
Suppose -10 = q - 13. List the prime factors of (q/(12/10))/(2/108).
3, 5
Let z(l) = -l**2 + 10. Let u be z(0). Let n be (1/(-3))/(u/(-60)). Suppose 0 = -s - 3, 5*w - 46 = -n*s - s. What are the prime factors of w?
11
Suppose 0 = -3*r + c + 538, 5*r - 739 = r - 3*c. Let s = r + -125. What are the prime factors of s?
2, 7
Let s = -164 - -168. Suppose -n + 5*j = -357, s*n + 2*j = 2*n + 654. List the prime factors of n.
2, 83
Let l(h) = -3*h**2 - 42*h - 11. List the prime factors of l(-13).
2, 7
Let p be (-2144)/(-28) + 6/14. Let w = p - 37. List the prime factors of w.
2, 5
Let u be 93/1*(20/15 + -2). Let i = 90 + u. What are the prime factors of i?
2, 7
What are the prime factors of (-90)/20*7/((-42)/3112)?
2, 3, 389
Let f(w) be the third derivative of -19*w**5/60 - w**4/12 + w**3/6 + w**2. Let o be f(-3). What are the prime factors of (-18)/(-63) + o/(-14)?
2, 3
Let p(q) = -q + 0*q**2 - 4*q**2 + 8*q**3 - 11*q**3 - 1. Let h be 6/(-48)*-4 - 14/4. What are the prime factors of p(h)?
47
Let x(k) = 95*k**2. Suppose -12 + 10 = -2*t. What are the prime factors of x(t)?
5, 19
Suppose 2*y + 4*g - 468 = 0, -389 - 492 = -4*y + 3*g. Suppose 2*r + 2*p - 220 = 0, -3*r + 4*p + 113 = -y. List the prime factors of r.
3, 37
Suppose -4*b = d - 12, d + d = -5*b + 15. Let s be (d/2)/((-27)/(-9)). Suppose 2*q = 4*p - p + 51, -3*p - 3 = s. What are the prime factors of q?
2, 3
Let u = -12 - -9. List the prime factors of 37 - (-2)/(-5 - u).
2, 3
Suppose 0 = -0*r + 3*r - 5*q - 182, 4*q - 158 = -2*r. Let d = r + -18. What are the prime factors of d?
3, 17
Let v(m) = -m**3 - 2*m**2 + 2*m + 4. Let i be v(-3). Let j(k) = k**2 + 3*k - 5. What are the prime factors of j(i)?
5, 13
Suppose 0 = 13*s + 67 - 1666. List the prime factors of s.
3, 41
Suppose 0 = -0*h + 2*h - 6. Suppose 5*v - h = 7. Suppose 2*o + 28 - 138 = -5*q, v*o - 102 = -3*q. What are the prime factors of o?
3, 5
Suppose 5*u = -795 + 3275. Suppose 3*o = 4*m + 550 - 200, 0 = -4*o - 2*m + u. List the prime factors of o.
2, 61
Let c = 166 - -374. What are the prime factors of c?
2, 3, 5
Let w = -21 + 43. Suppose -15*p = -13*p + w. Let c = 40 - p. What are the prime factors of c?
3, 17
Let y(h) = -4*h - 22. Let v be y(-6). Suppose -3*b + 85 = -v. List the prime factors of b.
29
Suppose -6 = -o + 3. Suppose o = l - 56. Suppose -6*b + b - 3*d = -30, -5*b + 4*d + l = 0. List the prime factors of b.
3
Let a(u) = -6125*u**3 + 45*u + 46. What are the prime factors of a(-1)?
2, 3, 1021
Let z(t) = 62*t + 58. What are the prime factors of z(12)?
2, 401
Let t(k) = 5*k**3 - 2*k**2 - 1. What are the prime factors of t(2)?
31
Let q = -20 - -26. Suppose -q*r - 24 = -3*r. Let l = 1 - r. What are the prime factors of l?
3
Let a be (-1 + 32)/((3 - 2)/1). Suppose -w + a + 24 = 0. List the prime factors of w.
5, 11
Suppose -49*t - 840 = -55*t. Suppose -11*p + 3006 + t = 0. What are the prime factors of p?
2, 11, 13
Let n(w) = w**2 + 14*w - 13. Let a = -53 - -38. Let o be n(a). Suppose 110 = 3*k - b, 3*k = o*k + b + 38. List the prime factors of k.
2, 3
Suppose 5*d = -2*l - 2*l - 8, 0 = l + 5*d + 17. List the prime factors of l - (14/63 + 1082/(-9)).
3, 41
Suppose -162 = 7*v - 1653. Suppose 0 = -8*t + 5*t + v. What are the prime factors of t?
71
Let v(f) = 3*f - 4 + 2 + 6*f**2 + 5*f - f**3. Let o(r) = r**3 - 10*r**2 - 11*r + 7. Let s be o(11). List the prime factors of v(s).
5
Suppose 2*m = -3*m - 15. List the prime factors of 54/((-5 - 1)/m).
3
Let l(z) = -16*z**2 - z**3 - 6 - 10*z**2 + 10 + 0. What are the prime factors of l(-26)?
2
Let l = 11 - -252. What are the prime factors of l?
263
Let d(r) = r**2 + 3*r - 1. Suppose 2*m + 0*m + 5 = 3*c, -5*m = c - 30. List the prime factors of d(c).
3, 13
What are the prime factors of (-2)/13 - (-13 + 370981/(-169))?
2, 3, 23
Let h(k) = -k**2 - k + 6. Suppose 1 = 4*z + 25. Let y be h(z). Let a = 38 + y. List the prime factors of a.
2, 7
Let i = -129 + 152. List the prime factors of i.
23
Let b(m) = -m**3 + 17*m**2 - 14. Let w be b(17). Let a = 110 + w. What are the prime factors of a?
2, 3
Suppose 59*m = -15*m + 321234. List the prime factors of m.
3, 1447
Let w(z) = 27*z**2 - 57*z**2 + 2 - 3*z + 143*z**3 + 32*z**2. List the prime factors of w(1).
2, 3
Suppose 0 = -6*r - 9*r + 22215. What are the prime factors of r?
1481
Let g be (-30)/35*(-14)/4. Suppose -102 - 12 = -g*o. What are the prime factors of o - (-1)/2*-2?
37
Let w(d) = -2*d - 5. Let g(c) = -6*c - 16. Let b(o) = -4*g(o) + 11*w(o). What are the prime factors of b(6)?
3, 7
Suppose -3*v + 5768 = -4*u, -3*v - 2*u + 7*u = -5764. List the prime factors of v.
2, 241
Let w(n) = n**2 - 12*n - 10. Let p be w(7). Let y be 9/p - (-76)/5. Let d = 22 - y. What are the prime factors of d?
7
Let x = 4 + -6. Let c(t) be the third derivative of -t**4/24 + t**3/6 + 2*t**2 + 43. List the prime factors of c(x).
3
Suppose -3*p + 113 = -4*b - 488, -374 = -2*p - 4*b. Suppose t - 6*t = -p. Suppose 3*y - t = 3*x, -x - 4 = -1. List the prime factors of y.
2, 5
Suppose 2*q + 3 = 7. Suppose q = 5*g - 13, -2*g = -i + 272. List the prime factors of i.
2, 139
Let z(l) = l**3 + 9*l**2 - 12*l + 20. Let d = 1 + -11. What are the prime factors of z(d)?
2, 5
Suppose 2*s + 1222 = 4*o, -37*o + 34*o - 2*s + 899 = 0. What are the prime factors of o?
3, 101
Let y(v) = 23*v + 7. Suppose 1 + 8 = 3*w. Let c be y(w). Suppose 40 = f - s, -2*f + c = -4*s - 0. What are the prime factors of f?
2, 3, 7
Let b = 64 + 32. Suppose 3*v - b = v. Suppose 2 = 2*o - v. What are the prime factors of o?
5
Let h be (-3 - (3 + -4))/(4/(-1902)). Suppose -123*y = -120*y - h. List the prime factors of y.
317
Let p = -18 + 18. Suppose a + a = p. Suppose r + 54 = 5*t - 22, a = 3*r - 12. What are the prime factors of t?
2
Suppose -86 - 30 = -2*p. Let x = p + 128. What are the prime factors of x?
2, 3, 31
Let p(w) = -4*w - 12. Suppose 7*b = 8 - 71. List the prime factors of p(b).
2, 3
Let j(h) = h - 1. Let b(z) be the second derivative of -z**3 - 17*z**2/2 + 3*z. Let p(s) = b(s) - 3*j(s). What are the prime factors of p(-6)?
2, 5
Suppose -8 = 2*s + 2*l, 5*s + 2*l + 3 + 5 = 0. Suppose s = 26*x - 28*x + 14. List the prime factors of x.
7
Let d = 6 + -10. Let q(i) = -88*i**3 - 8 + 87*i**3 - 26*i**2 + 24*i**2. What are the prime factors of q(d)?
2, 3
Suppose -11*m + 5*m = -12. Suppose m = 2*i - i. What are the prime factors of i?
2
Let l = 10375 + -6346. What are the prime factors of l?
3, 17, 79
Let f = 5514 + -2063. What are the prime factors of f?
7, 17, 29
Let y = -62 - 150. Let b = y + 334. List the prime factors of b.
2, 61
Suppose -2*g = -5*z - 0*g + 24, 5*g = 4*z - 26. Suppose -z*o - 9 - 9 = -b, -5*b - o = -174. What are the prime factors of b?
2, 17
Let p = 676 - 277. List the prime factors of p.
3, 7, 19
Let p = -16 - -96. Let j = -8 + p. List the prime factors of j.
2, 3
Let o(v) = -v - 5. Let h = -2 + -11. What are the prime factors of o(h)?
2
Let h(c) = 5 + 5 - 7*c + 2*c + c. List the prime factors of h(-10).
2, 5
Suppose 5*c - u - 3*u - 153 = 0, -3*c = u - 85. What are the prime factors of 3*c/3 - 1?
2, 7
Suppose 0 = -21*s + 36*s - 33795. List the prime factors of s.
3, 751
Let z(k) = 14*k**2 + 16*k - 27. List the prime factors of z(-7).
547
Suppose 0 = -4*p + 331 - 1843. Let t be (-55)/2 + (-2)/4. What are the prime factors of p/t*2/3?
3
Suppose -x - 4*w - 132 = 0, 3*x - 498 = 7*x + w. Let d = 4 - x. List the prime factors of d.
2
Suppose -17*v + 8888 = -9*v. What are the prime factors of v?
11, 101
Let m = 103 + -100. What are the prime factors of m + -6 + (-774)/(-9)?
83
Suppose -c - 3*o + 19 = -7*o, 0 = 2*c - o - 10. Let h be (10/c)/(2/3). Suppose -2*w + b + 3*b = -34, b + 130 = h*w. What are the prime factors of w?
3
Let u(n) = -n**2 - 7*n + 2. Let j be u(-5). Let i be 3/j + (-81)/(-12). Suppose -i = -3